 the remainder when 208 is divided by w(-1).
28
Suppose 3*v + 8 - 8 = 0. Suppose v = 8*l - 12*l + 304. Calculate the remainder when l is divided by 7.
6
Let w be 0 + 0 - (-4)/6*6. Calculate the remainder when 105 is divided by (-6)/((-108)/474) - w/(-6).
24
Suppose -3*x + 147 = -0*x. Let v = 71 - x. Let r = v - 11. What is the remainder when 30 is divided by r?
8
Suppose 18*a - 13*a + 45 = 0. Let v be (28/3)/(2/6). Let w = v + a. What is the remainder when w is divided by 10?
9
Suppose 9*a - 176 = 3388. Calculate the remainder when a is divided by 67.
61
Let f be -149 + ((-12)/(-4) - 6). Let y = 329 + f. Calculate the remainder when y is divided by 18.
15
Let h be ((-36)/30)/((-6)/20). Suppose 0 = -5*l + h*l + 9. Let p = -1 + l. What is the remainder when 23 is divided by p?
7
Suppose 23 = -y - 5. Let q = y + 13. Calculate the remainder when 1 is divided by 2/(-3) + q/(-9).
0
Suppose -9*b - 477 = -0*b. Let a = b + 70. What is the remainder when 29 is divided by a?
12
Suppose 0 = -686*i + 687*i - 22. What is the remainder when 216 is divided by i?
18
Let t be 16 + -15 - (0 + -1). Suppose t*x - 105 = -11. Suppose 5*p + 0*p - 80 = 0. Calculate the remainder when x is divided by p.
15
Let s(z) = -z**3 + 21*z**2 - 20*z + 32. Let l = -101 - -121. What is the remainder when s(l) is divided by 9?
5
Let g(j) = 223*j + 784. Let d(a) = -3*a**3 + a**2 - a. What is the remainder when g(-3) is divided by d(-2)?
25
Let s(o) = -4*o + 64. What is the remainder when 45 is divided by s(10)?
21
Let o(q) = -q**2 - 2*q. Let s be o(-5). Let f(u) = -2*u - 10. Let k be f(s). Suppose 2*b = 110 + k. What is the remainder when b is divided by 17?
14
Suppose -r - 4*y = 0, y - 60 + 105 = 2*r. Let n be 0 + -2 + (-2 - -118). Suppose -2*a = a - n. Calculate the remainder when a is divided by r.
18
Suppose q + b - 10 - 8 = 0, -3*q + 50 = -b. Suppose 237 = 5*y + q. Suppose 0 = 2*v + x - 21, -3*v + 3*x + 0 = -45. What is the remainder when y is divided by v?
8
Suppose 5*u + 265 = 7*u - s, -2*s - 2 = 0. What is the remainder when u is divided by 28?
20
Let l be (-5)/((-2)/(-7) - (-18)/(-14)). Suppose l*v = -c + 31, 2*v = c + 5*v - 21. Calculate the remainder when c is divided by 3.
0
Suppose -4*l + 6*l + 4*o = 28, -8 = 4*o. Suppose 0 = 5*z - z. Suppose 5*m + 5 = -2*f, -5*f + z*f + 13 = 4*m. Calculate the remainder when l is divided by f.
3
Suppose -3*w + w = 5*o - 1237, -3*o - 4*w = -731. Calculate the remainder when o is divided by 63.
60
Suppose 43*h = 39*h + 696. What is the remainder when h is divided by 59?
56
Suppose -4*o - 25 = -3*p, o + 0 = -1. Let u(d) = 0 + d + 1 + 1. What is the remainder when p is divided by u(2)?
3
Let a be (-108)/24*20/(-6). Suppose 3*g + 4*u - 9 = a, -36 = -2*g + 4*u. What is the remainder when 69 is divided by g?
9
Let k(u) = -u**2 + u - 9. Let l(o) = -o**2 - 2*o - o - 8 + 4*o. Let p(h) = 4*k(h) - 5*l(h). What is the remainder when 29 is divided by p(3)?
9
Suppose -23*x + 5669 - 2035 = 0. What is the remainder when x is divided by 53?
52
Suppose 0 = v - 4*v + 366. Let k = v + -20. Calculate the remainder when k is divided by 26.
24
Let w(t) = 9*t + 10*t - 34 - 138*t**2 + 139*t**2. Calculate the remainder when w(-22) is divided by 12.
8
Let i(m) = 3*m**2 - 4*m - 5. Let f(w) = -w**3 + 2*w**2 - 3*w - 4. Let k(u) = -5*f(u) + 4*i(u). What is the remainder when k(1) is divided by 5?
1
Let v = -2668 - -2678. Suppose 2*c + 3*c + 15 = 0. Let p(w) = -w**3 + 3*w**2 + 3*w + 3. What is the remainder when p(c) is divided by v?
8
Suppose -4*y + 3*c = -154, -3*c + 68 = 2*y - 0. Let z = 47 - 42. Suppose 3*a - b = -z*b + 44, 3*b + 12 = 0. Calculate the remainder when y is divided by a.
17
Let z(m) be the first derivative of -2*m**3/3 - 13*m**2/2 - 10*m - 3. Let l be z(-8). Let u = l - -66. What is the remainder when 61 is divided by u?
29
Let l(m) = -m**3 + 5*m**2 + 7*m. Suppose -4*r + 3*v = -883, -4*v + 1245 - 149 = 5*r. Calculate the remainder when l(6) is divided by (-2)/5 - r/(-50).
2
Suppose 4*y - 856 = -3*w, -5*y + 3*y + 288 = w. Calculate the remainder when w is divided by 47.
45
Suppose -10*r + 177 - 117 = 0. Calculate the remainder when 40 is divided by r.
4
Suppose -4*b + 30 = -0*k + k, 0 = -3*b + 9. Let d(f) = 76*f**2 - 4*f + 3. Let i be d(-4). Calculate the remainder when (-2)/7 - i/(-35) is divided by k.
17
Suppose 4*v + 25 = 5*v. Let i = v - 25. Let p = i + 11. What is the remainder when 53 is divided by p?
9
Suppose 3*c - 28 = 2. Suppose c*g - 747 = 53. Calculate the remainder when g is divided by 22.
14
Calculate the remainder when -4*(-1 + (-882)/(-24))*-1 is divided by 52.
39
Let g be -2 + -2 + (-20)/(-5). Suppose -z - z + 4*f + 2 = 0, g = 2*z - 2*f - 8. Calculate the remainder when 2 + -3 + (14 - 0) is divided by z.
6
Let o(l) = 5*l**2 - 23*l + 72. What is the remainder when o(-16) is divided by 82?
80
Suppose 10*a - 26 = -6. Suppose 0 = -a*q - 5*m, 16 = 2*q + 4*m - 3*m. What is the remainder when 28 is divided by q?
8
Let f = -1081 - -1171. What is the remainder when 809 is divided by f?
89
Suppose -27 = -4*v + 2*b - 279, 3*b - 183 = 3*v. Let o = -24 - v. What is the remainder when o is divided by 21?
20
Let f = -178 + 231. Let x = f - 43. Let o(y) = 2*y**2 + y + 2. What is the remainder when o(-3) is divided by x?
7
Let i(n) = -3*n + 17. Let t be i(5). Suppose -5*j - 88 = -4*b + 2, -3*j + 56 = t*b. What is the remainder when 48 is divided by b?
23
Suppose 3*d - 20 = -2*i, 0*d - i = -4*d + 12. Suppose 108 = -v + d*v. What is the remainder when v is divided by 19?
17
Let d(a) = a**3 - 7*a**2 - 5*a + 5. Let v be d(7). What is the remainder when 55 is divided by 2 - v - 12/3?
27
Let j = -236 + 304. Calculate the remainder when j is divided by 29.
10
Suppose 5*n = 4*c + 27, 0*c - 11 = -n - 2*c. Suppose n*y = -0*y + 63. What is the remainder when y is divided by 3?
0
Let n = 228 + -47. What is the remainder when n is divided by 23?
20
Let c = -621 - -627. Let r(f) = -f**2 + 4*f + 3. Let o be r(5). Let m(j) = j**3 + 5*j**2 + j - 1. Calculate the remainder when m(o) is divided by c.
3
Let d(w) = -w**2 - 27*w - 27. Calculate the remainder when d(-16) is divided by 25.
24
Let p(i) = i**3 + 3*i**2 - 5*i - 13. Let s be p(-3). What is the remainder when 76 is divided by (-29 + -5)/(-2)*2/s?
8
Suppose -1300 = -3*h - 2*h. Suppose j = 5*j - h. Calculate the remainder when j is divided by 17.
14
Suppose 33*i - 1009 = -85. Calculate the remainder when i is divided by 15.
13
Let a(h) = h - 5. Suppose -5*q + 5 + 15 = 0. Let m be a(q). What is the remainder when 61/(-2)*(m - 1) is divided by 16?
13
Let h(i) = 2*i + 7. Let v be h(-3). Calculate the remainder when 187 is divided by 1*v/1*(2 + 25).
25
Let x be -3*2/((-6)/9). Let z(w) be the second derivative of w**4/12 - 7*w**3/6 - 11*w**2/2 - 8*w. What is the remainder when 20 is divided by z(x)?
6
Let c = 446 + -436. Calculate the remainder when 179 is divided by c.
9
Let o(d) = -9*d + 20. Calculate the remainder when o(-12) is divided by 17.
9
Let d = 131 + -124. Suppose -5*i = -38 - 22. What is the remainder when i is divided by d?
5
What is the remainder when (-5244)/(-18) - 2/(-3) is divided by 21?
19
Let l = 276 + -79. What is the remainder when l is divided by 64?
5
Let o(d) = -7*d**3 - 2*d**2 - d. Let v be o(-1). Let r(a) = 5*a**2 - 26*a - 7. What is the remainder when 32 is divided by r(v)?
15
Let x(m) = -10*m - 48. What is the remainder when 151 is divided by x(-10)?
47
Let f = 74 - 47. Let y = 45 - f. What is the remainder when 35 is divided by y?
17
What is the remainder when 44 is divided by 6/(-4)*300/(-45) - -5?
14
Let h(p) = -6*p**3 + 41*p**2 + 14*p - 29. Let g(l) = l**3 + l**2 + 5*l - 2. Calculate the remainder when g(4) is divided by h(7).
18
Let n = -25 - -51. Suppose -12 = -3*p - 3*p. Suppose 2*f = 3*k + 21, p = -4*k - 2. What is the remainder when n is divided by f?
8
Suppose -5*o - 5 + 30 = -4*a, 0 = 4*o - 4*a - 20. Calculate the remainder when 6 is divided by o.
1
Let z(d) = -d**2 - 22*d + 19. What is the remainder when z(-20) is divided by 17?
8
Let m = 1221 + -1215. Let r = -22 - -47. Calculate the remainder when r is divided by m.
1
Let o = -32 - -32. Suppose -6*q + 5*d = -3*q - 26, 2*q - d - 8 = o. Calculate the remainder when 4 is divided by q.
0
Let b(d) = d**2 - 3*d + 60. Let s be b